{"id":323,"date":"2022-06-01T11:12:05","date_gmt":"2022-06-01T09:12:05","guid":{"rendered":"https:\/\/lamilpa.fr\/boutique\/produit\/souci-des-jardins\/"},"modified":"2026-04-17T15:56:44","modified_gmt":"2026-04-17T13:56:44","slug":"souci-des-jardins","status":"publish","type":"product","link":"https:\/\/lamilpa.fr\/boutique\/produit\/souci-des-jardins\/","title":{"rendered":"Souci des Jardins"},"content":{"rendered":"<p>&nbsp;<\/p>\n<p style=\"text-align: center;\"><em>Calendula Officinalis<\/em><\/p>\n<p>Plante annuelle \u00e0 floraison longue, du printemps aux premi\u00e8res gel\u00e9es.\u00a0 N\u00e9maticide, le souci est capable de repousser plusieurs mouches parasites, tout en attirant coccinelles et syrphes, des insectes auxiliaires consommateurs de pucerons. Elle est \u00e0 planter pr\u00e8s des poireaux, des tomates, des fraisiers, de l&#8217;ail ou encore des oignons.<\/p>\n<p>Le souci officinal est connu pour les nombreuses propri\u00e9t\u00e9s m\u00e9dicinales de sa fleur, fra\u00eeche comme s\u00e9ch\u00e9e. Cicatrisante, anti-inflammatoire, antifongique et antibact\u00e9rienne, elle est utilis\u00e9e en pommade pour soulager les irritations de la peau, ecz\u00e9ma, br\u00fblures l\u00e9g\u00e8res (coup de soleil)&#8230; Elle peut aussi \u00eatre consomm\u00e9e en tisane.<\/p>\n<p><span style=\"text-decoration: underline;\">Hauteur<\/span> : 40 \u00e0 60 cm<\/p>\n<p><span style=\"text-decoration: underline;\">Autres noms<\/span> : &#8220;Souci officinal&#8221;, &#8220;Calendula&#8221;, &#8220;fleur de tous les jours&#8221;<\/p>\n","protected":false},"excerpt":{"rendered":"<p>&nbsp; Calendula Officinalis Plante annuelle \u00e0 floraison longue, du printemps aux premi\u00e8res gel\u00e9es.\u00a0 N\u00e9maticide, le souci est capable de repousser plusieurs mouches parasites, tout en&#8230;  <a href=\"https:\/\/lamilpa.fr\/boutique\/produit\/souci-des-jardins\/\" title=\"ReadSouci des Jardins\" class=\"readmore\">En savoir plus<\/a><\/p>\n","protected":false},"featured_media":143,"template":"","meta":{"_acf_changed":false},"product_brand":[],"product_cat":[23,79],"product_tag":[],"class_list":{"0":"post-323","1":"product","2":"type-product","3":"status-publish","4":"has-post-thumbnail","6":"product_cat-les-plants-du-moment","7":"product_cat-fleurs","8":"last-post","10":"first","11":"instock","12":"taxable","13":"shipping-taxable","14":"purchasable","15":"product-type-simple"},"acf":[],"_links":{"self":[{"href":"https:\/\/lamilpa.fr\/boutique\/wp-json\/wp\/v2\/product\/323","targetHints":{"allow":["GET"]}}],"collection":[{"href":"https:\/\/lamilpa.fr\/boutique\/wp-json\/wp\/v2\/product"}],"about":[{"href":"https:\/\/lamilpa.fr\/boutique\/wp-json\/wp\/v2\/types\/product"}],"wp:featuredmedia":[{"embeddable":true,"href":"https:\/\/lamilpa.fr\/boutique\/wp-json\/wp\/v2\/media\/143"}],"wp:attachment":[{"href":"https:\/\/lamilpa.fr\/boutique\/wp-json\/wp\/v2\/media?parent=323"}],"wp:term":[{"taxonomy":"product_brand","embeddable":true,"href":"https:\/\/lamilpa.fr\/boutique\/wp-json\/wp\/v2\/product_brand?post=323"},{"taxonomy":"product_cat","embeddable":true,"href":"https:\/\/lamilpa.fr\/boutique\/wp-json\/wp\/v2\/product_cat?post=323"},{"taxonomy":"product_tag","embeddable":true,"href":"https:\/\/lamilpa.fr\/boutique\/wp-json\/wp\/v2\/product_tag?post=323"}],"curies":[{"name":"wp","href":"https:\/\/api.w.org\/{rel}","templated":true}]}}