{"id":1273,"date":"2024-01-04T12:39:33","date_gmt":"2024-01-04T11:39:33","guid":{"rendered":"https:\/\/lamilpa.fr\/boutique\/?post_type=product&#038;p=1273"},"modified":"2026-04-17T13:52:07","modified_gmt":"2026-04-17T11:52:07","slug":"oignon-ciboule","status":"publish","type":"product","link":"https:\/\/lamilpa.fr\/boutique\/produit\/oignon-ciboule\/","title":{"rendered":"Oignon Ciboule"},"content":{"rendered":"<p>&nbsp;<\/p>\n<p style=\"text-align: center;\"><em>Allium\u00a0 &#8211; Oignon Ciboule &#8211;<\/em><\/p>\n<p>Vari\u00e9t\u00e9 d&#8217;oignon botte ne bulbant pas et poss\u00e9dant un feuillage bien dress\u00e9 et vert fonc\u00e9. Semis toute l&#8217;ann\u00e9e.<\/p>\n<p>Source de s\u00e9l\u00e9nium, cobalt, vitamine A, B, C et E.<\/p>\n","protected":false},"excerpt":{"rendered":"<p>&nbsp; Allium\u00a0 &#8211; Oignon Ciboule &#8211; Vari\u00e9t\u00e9 d&#8217;oignon botte ne bulbant pas et poss\u00e9dant un feuillage bien dress\u00e9 et vert fonc\u00e9. Semis toute l&#8217;ann\u00e9e. Source&#8230;  <a href=\"https:\/\/lamilpa.fr\/boutique\/produit\/oignon-ciboule\/\" title=\"ReadOignon Ciboule\" class=\"readmore\">En savoir plus<\/a><\/p>\n","protected":false},"featured_media":1272,"template":"","meta":{"_acf_changed":false},"product_brand":[],"product_cat":[30,71],"product_tag":[],"class_list":{"0":"post-1273","1":"product","2":"type-product","3":"status-publish","4":"has-post-thumbnail","6":"product_cat-legumes","7":"product_cat-oignons","8":"last-post","10":"first","11":"outofstock","12":"taxable","13":"shipping-taxable","14":"purchasable","15":"product-type-simple"},"acf":[],"_links":{"self":[{"href":"https:\/\/lamilpa.fr\/boutique\/wp-json\/wp\/v2\/product\/1273","targetHints":{"allow":["GET"]}}],"collection":[{"href":"https:\/\/lamilpa.fr\/boutique\/wp-json\/wp\/v2\/product"}],"about":[{"href":"https:\/\/lamilpa.fr\/boutique\/wp-json\/wp\/v2\/types\/product"}],"wp:featuredmedia":[{"embeddable":true,"href":"https:\/\/lamilpa.fr\/boutique\/wp-json\/wp\/v2\/media\/1272"}],"wp:attachment":[{"href":"https:\/\/lamilpa.fr\/boutique\/wp-json\/wp\/v2\/media?parent=1273"}],"wp:term":[{"taxonomy":"product_brand","embeddable":true,"href":"https:\/\/lamilpa.fr\/boutique\/wp-json\/wp\/v2\/product_brand?post=1273"},{"taxonomy":"product_cat","embeddable":true,"href":"https:\/\/lamilpa.fr\/boutique\/wp-json\/wp\/v2\/product_cat?post=1273"},{"taxonomy":"product_tag","embeddable":true,"href":"https:\/\/lamilpa.fr\/boutique\/wp-json\/wp\/v2\/product_tag?post=1273"}],"curies":[{"name":"wp","href":"https:\/\/api.w.org\/{rel}","templated":true}]}}